at is the hundreds digit of l?
2
Suppose 0 = g + 3*w + 2982 - 7493, 9042 = 2*g + w. What is the hundreds digit of g?
5
Let h(w) = 15*w**3 - 3*w**2 + 8*w + 19. What is the thousands digit of h(9)?
0
Let i be -5*(-2)/((-6)/9*-3). Let x be 164 - i/(-15)*0. Let v = x + -115. What is the tens digit of v?
4
Let q(x) = 7*x**2 - 4*x - 2. Let i be q(-1). Let f be -1 - 3*(-786)/i. Suppose 0 = 2*b + t - f + 108, -5*t = 15. What is the units digit of b?
8
Let s be 2/(-8) - ((-10)/(-8))/(-5). Suppose s = 8*c - 4*c + 48. What is the hundreds digit of (-7)/(-28) + (-2673)/c?
2
Suppose -5*i + 237334 = -2*n, -142370 = 2*i - 5*i + 5*n. What is the thousands digit of i?
7
Let x be (-1)/((-5)/(-20)*-2). Suppose 2*n - 20 = -5*c, 2*n - 6 + 0 = x*c. Suppose -g + c*v = 4*v - 25, 3*g = v + 96. What is the tens digit of g?
3
Let i(m) = 50*m + 46. Let f(h) = -52*h - 45. Let y(j) = -7*f(j) - 6*i(j). What is the units digit of y(9)?
5
Suppose -10*f = -8*f - 5*f. Suppose f = -2*y - 26 + 36. What is the units digit of y?
5
Suppose 2*h = 8, -h = -4*p + h + 12. Let f(g) = -3 + 32*g**3 - 1 - g + p. What is the tens digit of f(1)?
3
Let b be -4331*(-1)/4 + 231/(-308). Let u = b - 726. What is the hundreds digit of u?
3
Let k = -31 - -92. Let j = k + -56. Suppose -2*z - 300 = -j*z. What is the tens digit of z?
0
Let t = -23165 + 23949. What is the hundreds digit of t?
7
Suppose 4*s = -4*d + 3*d + 13, s + 18 = 4*d. Suppose -4*j = 16, 3*j - s*j + 34 = 5*o. Suppose -o*x + 1441 = 61. What is the units digit of x?
0
Suppose o + 3*s - 39 = -2*o, 4 = s. Let v be ((-27)/o)/((-3)/(-2))*-1. Suppose -x = 5*n + 3*x - 862, -3*n = -v*x - 504. What is the tens digit of n?
7
Let o = 10 + 39. Let r = -35 + o. Suppose -11*v = -r*v + 162. What is the tens digit of v?
5
Let y = -38 + 73. Suppose -5*r = -o + 62, 2*r - o = -r - 36. Let u = y - r. What is the tens digit of u?
4
Let w be 32/(-128) - 7/(-4)*3. Let l(d) = -w + 101*d - 57*d + 2*d**3 - 5*d**3 - 3*d**2 - 49*d. What is the units digit of l(-2)?
7
What is the hundreds digit of (-8)/(-2)*951507/306?
4
Suppose -4*s - 3112 = -t + 2242, s - 16127 = -3*t. What is the thousands digit of t?
5
Suppose 3*j = 2*h - 15421, -55*j + 56*j = 3*h - 23128. What is the thousands digit of h?
7
Let h(g) = -3*g**2 - 3*g + 19. Let y(n) = 9*n**2 + 6*n - 39. Let b(j) = 5*h(j) + 2*y(j). What is the units digit of b(16)?
7
Suppose 0 = -3*n - 10*n - 1209. Let l = n + 556. What is the hundreds digit of l?
4
Let p = 163 - 155. Suppose 0 = -p*y - 11*y + 11552. What is the hundreds digit of y?
6
Suppose -3*f - 2*l = 855, -l + 1140 = -11*f + 7*f. Let r = 591 + f. What is the units digit of r?
6
Suppose -3*v - 5763 + 123709 = -i, -4*v - 5*i = -157236. What is the ten thousands digit of v?
3
Let r(h) = -2*h**2 - 4*h + 1150. Let w be r(0). Suppose 24*f = 17882 + w. What is the units digit of f?
3
What is the ten thousands digit of 516764/7 - (6435/315 - 21)?
7
Let x be -2 - (71 + 5 + -2). Let m(t) = 71*t**2 + 5*t + 22. Let k be m(-2). Let a = k + x. What is the tens digit of a?
2
Suppose s + 0*s + 3*w = 98, 409 = 4*s - 5*w. Suppose 17 = -4*l + s. What is the tens digit of l?
2
Suppose 18*n - 22*n = 20, 2*o = -5*n - 35. Let a = 113 + -78. What is the tens digit of a/5*(-1 - o)?
2
Let f = 11018 + -3877. What is the hundreds digit of f?
1
Let x = 19969 - 13961. What is the thousands digit of x?
6
What is the units digit of (-2)/(-4) + 140/(-56) - -9358?
6
Suppose -126 = 2*h + 180. Suppose -3*v + 3 = 0, q = 4*q - 2*v + 683. Let j = h - q. What is the tens digit of j?
7
Let i be (34 - -1)*(23 + -22). Suppose -4*a - 25 = i. Let z = a - -51. What is the units digit of z?
6
Let y = 57733 + -32165. What is the tens digit of y?
6
Let s = 0 + 5. Let x(y) = 2*y + s + 2 - 18. What is the tens digit of x(15)?
1
Let k = 7586 + -3963. What is the tens digit of k?
2
Suppose -110*p - 5*a = -115*p + 12390, 4*a = -5*p + 12399. What is the units digit of p?
9
Let b = 98 - 99. What is the hundreds digit of (-5885)/(-6 - b) + (0 - -2)?
1
Suppose 2*v = q - 11, -4*q = -0*q - 3*v - 24. Suppose -4*g + 2*g + 10 = q*h, 2*g = -h + 10. Suppose -g*t = -t - 628. What is the units digit of t?
7
Let g(h) = 4*h + 5. Let q be g(0). Suppose -5*i + 4*l + 671 + 192 = 0, q*i - 859 = 2*l. Suppose 34*p = 37*p - i. What is the tens digit of p?
5
Let f be 2 + 0/2 - -2. Let o(c) be the second derivative of 10*c**3/3 + c**2/2 - c - 471. What is the tens digit of o(f)?
8
Let y(r) = -168*r - 85. Let x(u) = 42*u + 21. Let h(l) = -18*x(l) - 4*y(l). What is the units digit of h(-7)?
0
Suppose -7*v + 8*v = 9*v - 153016. What is the thousands digit of v?
9
Suppose 0 = 3*c - 17*c + 137100 - 34634. What is the tens digit of c?
1
Suppose 200*u - 247*u = -1514575. What is the hundreds digit of u?
2
Let y(g) = -6*g**2 - g - 26. Let t(p) = -24*p**2 - 5*p - 107. Let q(c) = 4*t(c) - 18*y(c). What is the thousands digit of q(-13)?
2
Let v(p) = 816*p - 520. What is the units digit of v(10)?
0
Suppose -3*u - 2*o + 7730 = 0, 67*u - 65*u - o - 5144 = 0. What is the units digit of u?
4
Let f be -4 + -2 - (12 + -21). Suppose 2*j = -5*v + 1054, f*j - j - 3*v = 1022. What is the hundreds digit of j?
5
Let y = -38 - -38. Let v be 0 + 4/(-4)*y/1. Suppose 2*z = h + h - 188, -2*z + 4 = v. What is the units digit of h?
6
Suppose 0 = w - 4*m - 34552, 2*m - 34510 = -187*w + 186*w. What is the units digit of w?
4
Let i(g) be the first derivative of 140*g**2 - 3*g + 20. Let m(l) = -70*l + 1. Let p(x) = 2*i(x) + 9*m(x). What is the tens digit of p(-1)?
7
Suppose s - 4 = -6. What is the units digit of 936*26/(-39)*(1 + s)?
4
Suppose 5*i = 113 - 103, -4*i = -5*y + 73412. What is the hundreds digit of y?
6
Let a(n) = -n**3 + 62*n**2 - 283*n - 65. What is the units digit of a(57)?
9
Suppose -30 = 2*z - 116. Let t = -317 - -485. Let k = z + t. What is the tens digit of k?
1
Let u = 1287 + 14951. What is the thousands digit of u?
6
Suppose 41*x - 36*x = 0. Suppose 5*c - o - 1881 = x, -8*o + 13*o - 371 = -c. What is the units digit of c?
6
Let o = -1358 + 2045. What is the tens digit of o*2/6 + -1?
2
What is the ten thousands digit of 1 + -11 - (-32 - 16404)?
1
Let q be -2 + -2 + (20/(-10) - -11). Let a(h) = 33*h**2 - 7*h + 33. What is the hundreds digit of a(q)?
8
Suppose 79*n - 85973 - 39478 = -80*n. What is the tens digit of n?
8
Let k = 9 + -9. Let c(n) = 2*n**3 - 3*n + 209. What is the hundreds digit of c(k)?
2
What is the thousands digit of ((-7956)/72)/(-2 - 47/(-24))?
2
Suppose -3385 = -c - 4*m, c = 4*c + 2*m - 10135. What is the thousands digit of c?
3
Suppose 0 = -121*o + 11*o + 2128390. What is the ten thousands digit of o?
1
What is the hundreds digit of (2/(-2))/(((-1)/6)/(135712/64))?
7
Let t(s) = 7*s**2 + 2*s - 14. Let z(w) = -w**3 - 17*w**2 + 2*w + 39. Suppose m + 5*j = -2, -3*m - 59 - 1 = -3*j. Let q be z(m). What is the units digit of t(q)?
1
Let q be (108/10)/(3/20). Suppose 13*l - l = q. What is the units digit of 2/l + 380/3?
7
What is the thousands digit of 8/10*(-1874540)/(-304)?
4
Let p be (-12 - (-14)/2)*70. What is the hundreds digit of ((-484)/5)/(28/p)?
2
Suppose -81*v = -46*v - 70. Suppose -2*u - v*n + 2564 = 0, -7*u - 5*n - 2599 = -9*u. What is the tens digit of u?
8
Let z(a) = 8*a**2 - 64*a - 541. What is the hundreds digit of z(-8)?
4
Let x(n) = 20*n - 21. Let d(z) = -39*z + 41. Let l(t) = 3*d(t) + 5*x(t). Let y be l(-5). Suppose 8*q - 1 = y. What is the units digit of q?
3
Let t(g) = -6*g**2 - 4*g + 1. Let y be t(-2). Let d = y - -17. Suppose q + 2*a - a = 74, -d*q + 3*a + 133 = 0. What is the units digit of q?
1
Suppose 116 = -5*v + 21. Let w = 2589 + -2591. Let r = w - v. What is the tens digit of r?
1
Let y(q) = -27*q**3 - 19*q**2 - 9*q - 30. Let g be y(-8). Suppose 0*z + 11*z = g. What is the hundreds digit of z?
1
Let y(n) = 201*n + 21. Let c be y(11). Suppose 2*k = -29*i + 24*i + c, 2 = -i. What is the thousands digit of k?
1
What is the units digit of (2890266/(-508))/(((-15)/(-2))/(-5))?
3
Let p(q) = 6*q - 6. Let a be p(1). Suppose -10 = -5*m - 0*m. Suppose -i + m*u + 96 = a, 188 = -4*i - 4*u + 620. What is the hundreds digit of i?
1
Let r(z) = z**3 - 3*z**2 - 3*z + 7. Let s be r(3). What is the hundreds digit of (s/6)/(1/(-1167))?
3
Let a = 254 - 178. What is the units digit of a?
6
Let b(y) = 2*y**2 + 8*y + 9. Let q